hat is the greatest common factor of 99 and k?
9
Suppose -2*z = -2*g + 22, -33 = -2*g - g + z. Calculate the highest common factor of 99 and g.
11
Let c(b) = 15*b + 2 + b**2 - 2 - 10*b. Let d be c(-6). What is the greatest common divisor of d and 54?
6
Suppose 3*w + f - 54 = 0, -w - 2*f = 3*f - 18. Calculate the highest common divisor of 18 and w.
18
Let h = 75 + -62. Let l be 26 - (-1)/1*0. What is the greatest common divisor of h and l?
13
Let f be -1*(-2)/(-2)*-39. Suppose -v - 25 = -4*l, -v + 5*v + 2*l = -82. Let c = v + 34. Calculate the highest common factor of c and f.
13
Suppose -y = 4*h - 765, 687 = -5*h + 4*y + 1659. Calculate the greatest common factor of 24 and h.
24
Suppose -g - 80 = -5*g. What is the highest common factor of 40 and g?
20
Suppose -4*b - 2*y = -18, -4*b + 5*y = 7 - 4. Let n be 2/8 - 271/(-4). Suppose -b*i = -121 - n. What is the highest common factor of 9 and i?
9
Let j be (7/(-2) - -2)*-10. Let x = 35 - 20. Calculate the highest common factor of j and x.
15
Let w(o) = 4*o**3 - 4*o**2 + 2*o + 1. Let y be w(2). What is the highest common divisor of 168 and y?
21
Let x be (-64)/(-40) - 2/(-5). Calculate the greatest common divisor of x and 3.
1
Suppose -4*n + 4*l - 38 = -2, -2*n + 5*l - 21 = 0. Let v = n + 11. Suppose -32 = v*m - 221. What is the highest common factor of 9 and m?
9
Let p(q) = -7*q + 3. Let y be p(-6). What is the greatest common factor of 30 and y?
15
Suppose 0 = -f - 2*y + 87, y - 3*y = -5*f + 435. What is the greatest common divisor of 58 and f?
29
Suppose -10 + 34 = 4*a. Calculate the greatest common divisor of 9 and a.
3
Let u be (-836)/(-32) + (-1)/8. Calculate the highest common divisor of u and 2.
2
Let w be (1/(-2))/(6/(-24)). Calculate the highest common factor of w and 5.
1
Let i be (-2)/(-2 - 46/(-24)). Calculate the greatest common divisor of i and 60.
12
Suppose 5*z + 0 = 5*m - 20, 0 = 2*m - 5*z + 4. What is the highest common factor of 40 and m?
8
Let v(c) = 0*c + 4 + 5 + c**2 - c - 5. Let r = -7 - -4. Let o be v(r). What is the greatest common divisor of 80 and o?
16
Suppose -4*y + 20 = 0, 4*x = 2*x + 4*y - 2. What is the greatest common factor of 45 and x?
9
Suppose 0 = -12*r - 4*r + 48. What is the highest common divisor of r and 3?
3
Let h be 3 + (-370)/(-4) + (-1)/2. What is the greatest common divisor of 19 and h?
19
Let b(c) = 2*c - 4. Let z be b(6). Let s(m) = -m**3 + 7*m**2 + 9*m + 11. Let y be s(z). Calculate the greatest common factor of 57 and y.
19
Let c(w) = w**2 - 7*w + 15. Let x be c(3). What is the highest common divisor of x and 33?
3
Suppose -4*o - 5*j + 172 = -j, 3*j - 209 = -5*o. Let f = 58 - o. Calculate the highest common factor of 54 and f.
18
Suppose m + 4*n + 7 = 0, 5*m + 3*n = -2 + 1. Suppose -7 = -2*i + 3. Calculate the highest common factor of i and m.
1
Let s = 13 + -9. Suppose 2*m = -4*q + 104, s*m - 140 = -5*q - m. What is the greatest common divisor of 216 and q?
24
Let f(y) = -3*y**2 + 4*y + 8. Let t be f(-7). Let b = 251 + t. Let p(h) = 4*h**2 + 2*h + 2. Let r be p(-2). What is the highest common factor of b and r?
14
Let j be (-4 - -213 - -2)/(-1). Let g = 315 + j. What is the greatest common divisor of g and 13?
13
Suppose 2*u - 21 = -3. Suppose -3*y - 5*x = -6*x - 136, 2*x = 2*y - 92. Calculate the highest common divisor of u and y.
9
Let s = 13 - 15. Let p be (-19)/(-3) - s/(-6). What is the greatest common divisor of 9 and p?
3
Let i = -242 + 354. Let o(x) = -x**3 - 4*x**2 - 4*x. Let b be o(-4). What is the highest common factor of i and b?
16
Let m(n) = 3*n**2 + 6*n - 9. Let k be m(6). Suppose 3*l + 0*l = k. What is the greatest common factor of 5 and l?
5
Let f = -16 + 36. Calculate the highest common factor of f and 10.
10
Let f(a) = a + 21. Let l be f(0). Suppose 0*x + l = x. What is the greatest common factor of 126 and x?
21
Let v be 1/(((-6)/(-12))/((-110)/(-4))). What is the greatest common factor of v and 11?
11
Let t = 9 + -5. Let w(z) = -2*z - 8. Let c be w(-10). What is the greatest common factor of c and t?
4
Let n = 8 + -28. Let f be (3 + -1)/(-2)*n. Let u = -6 - -8. What is the highest common factor of u and f?
2
Suppose 15 = 5*g, 4*g = 5*o - 2*o - 18. What is the highest common divisor of o and 10?
10
Let t = -103 + 132. Calculate the highest common factor of t and 29.
29
Let y be 21/2*32/(-12). Let q be y/((-9)/7 + 1). Suppose 6*g = g + 2*n + q, 2*n + 80 = 4*g. What is the highest common divisor of 2 and g?
2
Suppose -5*t = -4*t - 99. What is the greatest common factor of 11 and t?
11
Let a = -11 - -37. What is the greatest common factor of a and 234?
26
Suppose 4*c = 3*g - 36, -g + 3*c = -2*g - 1. Calculate the highest common divisor of g and 40.
8
Let y(n) = n**3 + 75. Let f = -4 + 4. Let j be y(f). Calculate the greatest common divisor of 30 and j.
15
Suppose 5*k = -5*g - 43 + 158, -4*k - 4 = 0. What is the highest common factor of g and 3?
3
Suppose 5*f = y, -5*f - 5*y = -0*f - 30. Suppose -p + 3 = -f. Suppose -3*d + 15 = 4*s - p*d, d = s. What is the greatest common factor of 40 and s?
5
Let d = 249 - 159. Let y = -40 + 50. Calculate the highest common divisor of d and y.
10
Let u = -22 + 34. Suppose -4*o = 8*o - 360. What is the greatest common divisor of o and u?
6
Let u(z) = -2*z + 4. Let l be u(-4). What is the greatest common divisor of 48 and l?
12
Suppose -72 - 29 = 3*p - c, 4*p + 5*c + 103 = 0. Let g = -19 - p. What is the greatest common factor of g and 13?
13
Let h = -90 - -306. Suppose -22*u + 108 = -18*u. Calculate the highest common divisor of u and h.
27
Suppose 0*q - 2*q + c = -13, -41 = -4*q - 3*c. Let x = 145 - 144. Calculate the greatest common factor of x and q.
1
Suppose -11 - 43 = -6*y. What is the greatest common divisor of 81 and y?
9
Suppose 72 = 6*g - 120. Calculate the greatest common divisor of 24 and g.
8
Let y = -73 + 128. Suppose 3*k - 2*f = -f + 36, 4*f + 1 = -k. What is the greatest common factor of y and k?
11
Let y(l) be the first derivative of 3*l + 3 + 1/2*l**2. Let h be y(8). What is the highest common divisor of h and 44?
11
Suppose -2*n + 14 = u - 5*n, -37 = -5*u + 4*n. Suppose u*s + 3*k - 168 = -k, 3*s = -4*k + 96. Calculate the highest common divisor of 4 and s.
4
Let k(y) = 2*y**3 + 11*y**2 - 6*y - 5. Let v be k(-5). What is the highest common factor of v and 10?
10
Suppose -128 = -5*x + 37. What is the greatest common factor of 11 and x?
11
Let x(v) = v**3 - 11*v**2 - 10*v - 17. Let h be x(12). Calculate the highest common divisor of 7 and h.
7
Suppose -4*l + 9 = 5*n - 22, -l - 3*n + 13 = 0. Suppose l = -b + 46. Suppose 5*i = 18 + b. Calculate the highest common factor of i and 96.
12
Suppose -6*t = -9*t + 180. What is the greatest common divisor of t and 90?
30
Suppose 646 - 556 = 6*l. Let s(k) = 5*k. Let z be s(1). What is the greatest common factor of l and z?
5
Let j(c) = -c**3 - 5*c**2 + 11*c. Let s be j(8). Suppose -519 = m - 3*d - 2*d, -5*d - 529 = m. Let v = m - s. What is the greatest common divisor of v and 20?
20
Suppose -l - 22 = 5*i, -2*i - i = -5*l + 30. Suppose -5*z + 11 = 2*t, l*z - 5*t - 13 = 2*z. What is the highest common divisor of 6 and z?
3
Let n(w) = -w**2 - w + 2. Let h be n(-5). Let t = -9 - h. Suppose -86 - 13 = -f. What is the highest common factor of t and f?
9
Suppose 2*h + 19 + 7 = -n, -16 = -4*n. Let g = 9 + h. Let q be (135/g)/(-1)*2. Calculate the highest common divisor of q and 9.
9
Let d be 2646/30 - (-1)/(-5). What is the highest common factor of d and 11?
11
Let u(y) = 102*y + 5. Let z be u(2). Calculate the greatest common factor of z and 19.
19
Suppose 0 = 3*z + 64 - 394. Let c(q) be the third derivative of -11*q**4/24 - q**3/6 + 8*q**2. Let d be c(-1). Calculate the greatest common factor of z and d.
10
Let o be 87 - 3*(-6)/(-9). Let y = 14 + 20. Calculate the highest common divisor of o and y.
17
Let f = -76 + 112. What is the greatest common divisor of f and 4?
4
Let l = 128 + -84. What is the greatest common factor of l and 154?
22
Suppose c - 1 = 5. Let y(g) = 3*g**2 + 7*g + 2. Let u be (-4 + 0)*(-10)/(-8). Let j be y(u). What is the greatest common factor of c and j?
6
Let o(t) = t**2 - 5*t - 6. Let d = 6 - 10. Let k be o(d). Let h = -3 - -8. What is the greatest common divisor of k and h?
5
Let p(h) = -h + 6. Let f be p(6). Let t(z) 